[INFO] fetching crate keri 0.3.0...
[INFO] building keri-0.3.0 against master#881c1ac408d93bb7adaa3a51dabab9266e82eee8 for issue-85264
[INFO] extracting crate keri 0.3.0 into /workspace/builds/worker-13/source
[INFO] validating manifest of crates.io crate keri 0.3.0 on toolchain 881c1ac408d93bb7adaa3a51dabab9266e82eee8
[INFO] running `Command { std: "/workspace/cargo-home/bin/cargo" "+881c1ac408d93bb7adaa3a51dabab9266e82eee8" "metadata" "--manifest-path" "Cargo.toml" "--no-deps", kill_on_drop: false }`
[INFO] started tweaking crates.io crate keri 0.3.0
[INFO] finished tweaking crates.io crate keri 0.3.0
[INFO] tweaked toml for crates.io crate keri 0.3.0 written to /workspace/builds/worker-13/source/Cargo.toml
[INFO] running `Command { std: "/workspace/cargo-home/bin/cargo" "+881c1ac408d93bb7adaa3a51dabab9266e82eee8" "generate-lockfile" "--manifest-path" "Cargo.toml" "-Zno-index-update", kill_on_drop: false }`
[INFO] running `Command { std: "/workspace/cargo-home/bin/cargo" "+881c1ac408d93bb7adaa3a51dabab9266e82eee8" "fetch" "--manifest-path" "Cargo.toml", kill_on_drop: false }`
[INFO] [stderr]  Downloading crates ...
[INFO] [stderr]   Downloaded k256 v0.7.3
[INFO] [stderr]   Downloaded glass_pumpkin v0.4.0
[INFO] [stderr]   Downloaded c2-chacha v0.2.4
[INFO] [stderr]   Downloaded der v0.1.0
[INFO] [stderr]   Downloaded group v0.8.0
[INFO] [stderr]   Downloaded const-oid v0.4.5
[INFO] [stderr]   Downloaded ecdsa v0.10.2
[INFO] [stderr]   Downloaded bitvec v0.18.5
[INFO] [stderr]   Downloaded pkcs8 v0.3.3
[INFO] [stderr]   Downloaded elliptic-curve v0.8.5
[INFO] [stderr]   Downloaded int_traits v0.1.1
[INFO] [stderr]   Downloaded amcl v0.2.0
[INFO] [stderr]   Downloaded amcl_wrapper v0.4.0
[INFO] [stderr]   Downloaded radium v0.3.0
[INFO] [stderr]   Downloaded ff v0.8.0
[INFO] [stderr]   Downloaded ursa v0.3.6
[INFO] [stderr]   Downloaded blake3 v0.3.8
[INFO] [stderr]   Downloaded miracl_core v1.0.0
[INFO] [stderr]   Downloaded serde_cbor v0.10.2
[INFO] running `Command { std: "docker" "create" "-v" "/var/lib/crater-agent-workspace/builds/worker-13/target:/opt/rustwide/target:rw,Z" "-v" "/var/lib/crater-agent-workspace/builds/worker-13/source:/opt/rustwide/workdir:ro,Z" "-v" "/var/lib/crater-agent-workspace/cargo-home:/opt/rustwide/cargo-home:ro,Z" "-v" "/var/lib/crater-agent-workspace/rustup-home:/opt/rustwide/rustup-home:ro,Z" "-e" "SOURCE_DIR=/opt/rustwide/workdir" "-e" "CARGO_TARGET_DIR=/opt/rustwide/target" "-e" "CARGO_HOME=/opt/rustwide/cargo-home" "-e" "RUSTUP_HOME=/opt/rustwide/rustup-home" "-w" "/opt/rustwide/workdir" "-m" "1610612736" "--user" "0:0" "--network" "none" "ghcr.io/rust-lang/crates-build-env/linux@sha256:20528e8c29e4536546f0102ce88568b16ea7538393a33fcca951030f7af10457" "/opt/rustwide/cargo-home/bin/cargo" "+881c1ac408d93bb7adaa3a51dabab9266e82eee8" "metadata" "--no-deps" "--format-version=1", kill_on_drop: false }`
[INFO] [stderr] WARNING: Your kernel does not support swap limit capabilities or the cgroup is not mounted. Memory limited without swap.
[INFO] [stdout] c07f3ddf3a064dfa999b80d69eee4a7d7c5df5f9a4d2a576959c63ebc1cf98e1
[INFO] running `Command { std: "docker" "start" "-a" "c07f3ddf3a064dfa999b80d69eee4a7d7c5df5f9a4d2a576959c63ebc1cf98e1", kill_on_drop: false }`
[INFO] running `Command { std: "docker" "inspect" "c07f3ddf3a064dfa999b80d69eee4a7d7c5df5f9a4d2a576959c63ebc1cf98e1", kill_on_drop: false }`
[INFO] running `Command { std: "docker" "rm" "-f" "c07f3ddf3a064dfa999b80d69eee4a7d7c5df5f9a4d2a576959c63ebc1cf98e1", kill_on_drop: false }`
[INFO] [stdout] c07f3ddf3a064dfa999b80d69eee4a7d7c5df5f9a4d2a576959c63ebc1cf98e1
[INFO] running `Command { std: "docker" "create" "-v" "/var/lib/crater-agent-workspace/builds/worker-13/target:/opt/rustwide/target:rw,Z" "-v" "/var/lib/crater-agent-workspace/builds/worker-13/source:/opt/rustwide/workdir:ro,Z" "-v" "/var/lib/crater-agent-workspace/cargo-home:/opt/rustwide/cargo-home:ro,Z" "-v" "/var/lib/crater-agent-workspace/rustup-home:/opt/rustwide/rustup-home:ro,Z" "-e" "SOURCE_DIR=/opt/rustwide/workdir" "-e" "CARGO_TARGET_DIR=/opt/rustwide/target" "-e" "CARGO_INCREMENTAL=0" "-e" "RUST_BACKTRACE=full" "-e" "RUSTFLAGS=--cap-lints=forbid" "-e" "CARGO_HOME=/opt/rustwide/cargo-home" "-e" "RUSTUP_HOME=/opt/rustwide/rustup-home" "-w" "/opt/rustwide/workdir" "-m" "1610612736" "--user" "0:0" "--network" "none" "ghcr.io/rust-lang/crates-build-env/linux@sha256:20528e8c29e4536546f0102ce88568b16ea7538393a33fcca951030f7af10457" "/opt/rustwide/cargo-home/bin/cargo" "+881c1ac408d93bb7adaa3a51dabab9266e82eee8" "build" "--frozen" "--message-format=json", kill_on_drop: false }`
[INFO] [stdout] ad5f1c1cb8fbcd716df21b41bc125729cf14e0a528cf2bb4b68fbc4deff180db
[INFO] [stderr] WARNING: Your kernel does not support swap limit capabilities or the cgroup is not mounted. Memory limited without swap.
[INFO] running `Command { std: "docker" "start" "-a" "ad5f1c1cb8fbcd716df21b41bc125729cf14e0a528cf2bb4b68fbc4deff180db", kill_on_drop: false }`
[INFO] [stderr]    Compiling typenum v1.13.0
[INFO] [stderr]    Compiling version_check v0.9.3
[INFO] [stderr]    Compiling proc-macro2 v1.0.27
[INFO] [stderr]    Compiling unicode-xid v0.2.2
[INFO] [stderr]    Compiling syn v1.0.72
[INFO] [stderr]    Compiling getrandom v0.1.16
[INFO] [stderr]    Compiling serde_derive v1.0.126
[INFO] [stderr]    Compiling opaque-debug v0.3.0
[INFO] [stderr]    Compiling lazy_static v1.4.0
[INFO] [stderr]    Compiling ppv-lite86 v0.2.10
[INFO] [stderr]    Compiling radium v0.3.0
[INFO] [stderr]    Compiling ryu v1.0.5
[INFO] [stderr]    Compiling funty v1.1.0
[INFO] [stderr]    Compiling wyz v0.2.0
[INFO] [stderr]    Compiling cpuid-bool v0.2.0
[INFO] [stderr]    Compiling rayon-core v1.9.1
[INFO] [stderr]    Compiling const-oid v0.4.5
[INFO] [stderr]    Compiling byte-tools v0.3.1
[INFO] [stderr]    Compiling scopeguard v1.1.0
[INFO] [stderr]    Compiling failure_derive v0.1.8
[INFO] [stderr]    Compiling cpufeatures v0.1.4
[INFO] [stderr]    Compiling serde_json v1.0.64
[INFO] [stderr]    Compiling bitflags v1.2.1
[INFO] [stderr]    Compiling subtle v1.0.0
[INFO] [stderr]    Compiling maybe-uninit v2.0.0
[INFO] [stderr]    Compiling adler v1.0.2
[INFO] [stderr]    Compiling opaque-debug v0.2.3
[INFO] [stderr]    Compiling gimli v0.24.0
[INFO] [stderr]    Compiling rustc-demangle v0.1.19
[INFO] [stderr]    Compiling either v1.6.1
[INFO] [stderr]    Compiling itoa v0.4.7
[INFO] [stderr]    Compiling arrayvec v0.5.2
[INFO] [stderr]    Compiling log v0.4.14
[INFO] [stderr]    Compiling keccak v0.1.0
[INFO] [stderr]    Compiling memchr v2.4.0
[INFO] [stderr]    Compiling object v0.24.0
[INFO] [stderr]    Compiling lexical-core v0.7.6
[INFO] [stderr]    Compiling block-padding v0.2.1
[INFO] [stderr]    Compiling nodrop v0.1.14
[INFO] [stderr]    Compiling fake-simd v0.1.2
[INFO] [stderr]    Compiling static_assertions v1.1.0
[INFO] [stderr]    Compiling arrayref v0.3.6
[INFO] [stderr]    Compiling miracl_core v1.0.0
[INFO] [stderr]    Compiling int_traits v0.1.1
[INFO] [stderr]    Compiling hex v0.4.3
[INFO] [stderr]    Compiling half v1.7.1
[INFO] [stderr]    Compiling constant_time_eq v0.1.5
[INFO] [stderr]    Compiling amcl v0.2.0
[INFO] [stderr]    Compiling base64 v0.12.3
[INFO] [stderr]    Compiling crossbeam-utils v0.8.4
[INFO] [stderr]    Compiling memoffset v0.6.4
[INFO] [stderr]    Compiling num-traits v0.2.11
[INFO] [stderr]    Compiling num-integer v0.1.42
[INFO] [stderr]    Compiling miniz_oxide v0.4.4
[INFO] [stderr]    Compiling backtrace v0.3.59
[INFO] [stderr]    Compiling rayon v1.5.1
[INFO] [stderr]    Compiling num-bigint v0.3.2
[INFO] [stderr]    Compiling clear_on_drop v0.2.4
[INFO] [stderr]    Compiling blake3 v0.3.8
[INFO] [stderr]    Compiling block-padding v0.1.5
[INFO] [stderr]    Compiling der v0.1.0
[INFO] [stderr]    Compiling array-init v0.0.4
[INFO] [stderr]    Compiling libc v0.2.95
[INFO] [stderr]    Compiling c2-chacha v0.2.4
[INFO] [stderr]    Compiling bitvec v0.18.5
[INFO] [stderr]    Compiling smallvec v0.6.14
[INFO] [stderr]    Compiling pkcs8 v0.3.3
[INFO] [stderr]    Compiling generic-array v0.14.4
[INFO] [stderr]    Compiling nom v5.1.2
[INFO] [stderr]    Compiling quote v1.0.9
[INFO] [stderr]    Compiling num_cpus v1.13.0
[INFO] [stderr]    Compiling time v0.1.44
[INFO] [stderr]    Compiling crossbeam-epoch v0.9.4
[INFO] [stderr]    Compiling crossbeam-channel v0.5.1
[INFO] [stderr]    Compiling rand_core v0.5.1
[INFO] [stderr]    Compiling generic-array v0.12.4
[INFO] [stderr]    Compiling rand_chacha v0.2.1
[INFO] [stderr]    Compiling crossbeam-deque v0.8.0
[INFO] [stderr]    Compiling rand v0.7.3
[INFO] [stderr]    Compiling digest v0.8.1
[INFO] [stderr]    Compiling block-buffer v0.7.3
[INFO] [stderr]    Compiling crypto-mac v0.7.0
[INFO] [stderr]    Compiling digest v0.9.0
[INFO] [stderr]    Compiling cipher v0.2.5
[INFO] [stderr]    Compiling universal-hash v0.4.0
[INFO] [stderr]    Compiling crypto-mac v0.10.0
[INFO] [stderr]    Compiling block-buffer v0.9.0
[INFO] [stderr]    Compiling crypto-mac v0.8.0
[INFO] [stderr]    Compiling aead v0.3.2
[INFO] [stderr]    Compiling hmac v0.7.1
[INFO] [stderr]    Compiling sha3 v0.8.2
[INFO] [stderr]    Compiling sha2 v0.8.2
[INFO] [stderr]    Compiling signature v1.2.2
[INFO] [stderr]    Compiling blake2 v0.9.1
[INFO] [stderr]    Compiling hmac v0.10.1
[INFO] [stderr]    Compiling polyval v0.4.5
[INFO] [stderr]    Compiling poly1305 v0.6.2
[INFO] [stderr]    Compiling aes-soft v0.6.4
[INFO] [stderr]    Compiling ctr v0.6.0
[INFO] [stderr]    Compiling block-modes v0.7.0
[INFO] [stderr]    Compiling sha2 v0.9.5
[INFO] [stderr]    Compiling ed25519 v1.1.1
[INFO] [stderr]    Compiling hkdf v0.8.0
[INFO] [stderr]    Compiling addr2line v0.15.1
[INFO] [stderr]    Compiling ff v0.8.0
[INFO] [stderr]    Compiling aes v0.6.0
[INFO] [stderr]    Compiling ghash v0.3.1
[INFO] [stderr]    Compiling group v0.8.0
[INFO] [stderr]    Compiling aes-gcm v0.8.0
[INFO] [stderr]    Compiling glass_pumpkin v0.4.0
[INFO] [stderr]    Compiling synstructure v0.12.4
[INFO] [stderr]    Compiling zeroize_derive v1.1.0
[INFO] [stderr]    Compiling thiserror-impl v1.0.25
[INFO] [stderr]    Compiling zeroize v1.3.0
[INFO] [stderr]    Compiling elliptic-curve v0.8.5
[INFO] [stderr]    Compiling curve25519-dalek v3.1.0
[INFO] [stderr]    Compiling chacha20 v0.6.0
[INFO] [stderr]    Compiling subtle-encoding v0.5.1
[INFO] [stderr]    Compiling chacha20poly1305 v0.7.1
[INFO] [stderr]    Compiling failure v0.1.8
[INFO] [stderr]    Compiling thiserror v1.0.25
[INFO] [stderr]    Compiling ecdsa v0.10.2
[INFO] [stderr]    Compiling k256 v0.7.3
[INFO] [stderr]    Compiling x25519-dalek v1.1.1
[INFO] [stderr]    Compiling serde v1.0.126
[INFO] [stderr]    Compiling serde_bytes v0.11.5
[INFO] [stderr]    Compiling ed25519-dalek v1.0.1
[INFO] [stderr]    Compiling serde-transcode v1.1.0
[INFO] [stderr]    Compiling serde_cbor v0.10.2
[INFO] [stderr]    Compiling serde-hex v0.1.0
[INFO] [stderr]    Compiling amcl_wrapper v0.4.0
[INFO] [stderr]    Compiling ursa v0.3.6
[INFO] [stdout] error[E0432]: unresolved import `amcl::secp256k1`
[INFO] [stdout]    --> /opt/rustwide/cargo-home/registry/src/github.com-1ecc6299db9ec823/ursa-0.3.6/src/signatures/secp256k1.rs:226:15
[INFO] [stdout]     |
[INFO] [stdout] 226 |     use amcl::secp256k1::{ecdh, ecp};
[INFO] [stdout]     |               ^^^^^^^^^ could not find `secp256k1` in `amcl`
[INFO] [stdout] 
[INFO] [stdout] 
[INFO] [stdout] error[E0433]: failed to resolve: use of undeclared crate or module `signing_key`
[INFO] [stdout]    --> /opt/rustwide/cargo-home/registry/src/github.com-1ecc6299db9ec823/ursa-0.3.6/src/signatures/secp256k1.rs:261:22
[INFO] [stdout]     |
[INFO] [stdout] 261 |             let sk = signing_key::to_bytes();
[INFO] [stdout]     |                      ^^^^^^^^^^^ use of undeclared crate or module `signing_key`
[INFO] [stdout] 
[INFO] [stdout] 
[INFO] [stdout] error[E0433]: failed to resolve: use of undeclared crate or module `verify_key`
[INFO] [stdout]    --> /opt/rustwide/cargo-home/registry/src/github.com-1ecc6299db9ec823/ursa-0.3.6/src/signatures/secp256k1.rs:263:30
[INFO] [stdout]     |
[INFO] [stdout] 263 |             let compressed = verify_key::to_bytes(); //serialized as compressed point
[INFO] [stdout]     |                              ^^^^^^^^^^ use of undeclared crate or module `verify_key`
[INFO] [stdout] 
[INFO] [stdout] 
[INFO] [stdout] error[E0433]: failed to resolve: could not find `VerifyKey` in `k256`
[INFO] [stdout]    --> /opt/rustwide/cargo-home/registry/src/github.com-1ecc6299db9ec823/ursa-0.3.6/src/signatures/secp256k1.rs:279:28
[INFO] [stdout]     |
[INFO] [stdout] 279 |             let pk = k256::VerifyKey::from_encoded_point(compressed_pk)
[INFO] [stdout]     |                            ^^^^^^^^^ could not find `VerifyKey` in `k256`
[INFO] [stdout] 
[INFO] [stdout] 
[INFO] [stdout] error[E0433]: failed to resolve: could not find `SigningKey` in `k256`
[INFO] [stdout]    --> /opt/rustwide/cargo-home/registry/src/github.com-1ecc6299db9ec823/ursa-0.3.6/src/signatures/secp256k1.rs:260:37
[INFO] [stdout]     |
[INFO] [stdout] 260 |             let signing_key = k256::SigningKey::random(&mut OsRng);
[INFO] [stdout]     |                                     ^^^^^^^^^^ not found in `k256`
[INFO] [stdout]     |
[INFO] [stdout] help: consider importing this struct
[INFO] [stdout]     |
[INFO] [stdout] 219 |     use k256::ecdsa::SigningKey;
[INFO] [stdout]     |
[INFO] [stdout] 
[INFO] [stdout] 
[INFO] [stdout] error[E0433]: failed to resolve: could not find `SigningKey` in `k256`
[INFO] [stdout]    --> /opt/rustwide/cargo-home/registry/src/github.com-1ecc6299db9ec823/ursa-0.3.6/src/signatures/secp256k1.rs:267:37
[INFO] [stdout]     |
[INFO] [stdout] 267 |             let signing_key = k256::SigningKey::new(&sk)
[INFO] [stdout]     |                                     ^^^^^^^^^^ not found in `k256`
[INFO] [stdout]     |
[INFO] [stdout] help: consider importing this struct
[INFO] [stdout]     |
[INFO] [stdout] 219 |     use k256::ecdsa::SigningKey;
[INFO] [stdout]     |
[INFO] [stdout] 
[INFO] [stdout] 
[INFO] [stdout] error[E0425]: cannot find value `signing_key` in crate `k256`
[INFO] [stdout]    --> /opt/rustwide/cargo-home/registry/src/github.com-1ecc6299db9ec823/ursa-0.3.6/src/signatures/secp256k1.rs:269:34
[INFO] [stdout]     |
[INFO] [stdout] 269 |             let (sig, _) = k256::signing_key.sign(&message);
[INFO] [stdout]     |                                  ^^^^^^^^^^^ not found in `k256`
[INFO] [stdout] 
[INFO] [stdout] 
[INFO] [stdout] error[E0412]: cannot find type `Signature` in this scope
[INFO] [stdout]    --> /opt/rustwide/cargo-home/registry/src/github.com-1ecc6299db9ec823/ursa-0.3.6/src/signatures/secp256k1.rs:281:22
[INFO] [stdout]     |
[INFO] [stdout] 281 |             let sig: Signature = k256::Signature::from_bytes(signature);
[INFO] [stdout]     |                      ^^^^^^^^^ not found in this scope
[INFO] [stdout]     |
[INFO] [stdout] help: consider importing one of these items
[INFO] [stdout]     |
[INFO] [stdout] 219 |     use bls::Signature;
[INFO] [stdout]     |
[INFO] [stdout] 219 |     use ed25519_dalek::Signature;
[INFO] [stdout]     |
[INFO] [stdout] 219 |     use k256::ecdsa::Signature;
[INFO] [stdout]     |
[INFO] [stdout] 219 |     use k256::ecdsa::recoverable::Signature;
[INFO] [stdout]     |
[INFO] [stdout]       and 3 other candidates
[INFO] [stdout] 
[INFO] [stdout] 
[INFO] [stdout] error[E0433]: failed to resolve: could not find `Signature` in `k256`
[INFO] [stdout]    --> /opt/rustwide/cargo-home/registry/src/github.com-1ecc6299db9ec823/ursa-0.3.6/src/signatures/secp256k1.rs:281:40
[INFO] [stdout]     |
[INFO] [stdout] 281 |             let sig: Signature = k256::Signature::from_bytes(signature);
[INFO] [stdout]     |                                        ^^^^^^^^^ not found in `k256`
[INFO] [stdout]     |
[INFO] [stdout] help: consider importing one of these items
[INFO] [stdout]     |
[INFO] [stdout] 219 |     use bls::Signature;
[INFO] [stdout]     |
[INFO] [stdout] 219 |     use ed25519_dalek::Signature;
[INFO] [stdout]     |
[INFO] [stdout] 219 |     use k256::ecdsa::Signature;
[INFO] [stdout]     |
[INFO] [stdout] 219 |     use k256::ecdsa::recoverable::Signature;
[INFO] [stdout]     |
[INFO] [stdout]       and 3 other candidates
[INFO] [stdout] 
[INFO] [stdout] 
[INFO] [stdout] error[E0425]: cannot find function `verify` in crate `k256`
[INFO] [stdout]    --> /opt/rustwide/cargo-home/registry/src/github.com-1ecc6299db9ec823/ursa-0.3.6/src/signatures/secp256k1.rs:282:22
[INFO] [stdout]     |
[INFO] [stdout] 282 |             Ok(k256::verify(&msg, &sig, &pk))
[INFO] [stdout]     |                      ^^^^^^ not found in `k256`
[INFO] [stdout]     |
[INFO] [stdout] help: consider importing this function
[INFO] [stdout]     |
[INFO] [stdout] 219 |     use amcl::bn254::bls::verify;
[INFO] [stdout]     |
[INFO] [stdout] 
[INFO] [stdout] 
[INFO] [stdout] error[E0425]: cannot find value `msg` in this scope
[INFO] [stdout]    --> /opt/rustwide/cargo-home/registry/src/github.com-1ecc6299db9ec823/ursa-0.3.6/src/signatures/secp256k1.rs:282:30
[INFO] [stdout]     |
[INFO] [stdout] 282 |             Ok(k256::verify(&msg, &sig, &pk))
[INFO] [stdout]     |                              ^^^ not found in this scope
[INFO] [stdout] 
[INFO] [stdout] 
[INFO] [stdout] error[E0433]: failed to resolve: could not find `Signature` in `k256`
[INFO] [stdout]    --> /opt/rustwide/cargo-home/registry/src/github.com-1ecc6299db9ec823/ursa-0.3.6/src/signatures/secp256k1.rs:285:33
[INFO] [stdout]     |
[INFO] [stdout] 285 |             let mut sig = k256::Signature::parse(array_ref!(signature, 0, SIGNATURE_SIZE));
[INFO] [stdout]     |                                 ^^^^^^^^^ not found in `k256`
[INFO] [stdout]     |
[INFO] [stdout] help: consider importing one of these items
[INFO] [stdout]     |
[INFO] [stdout] 219 |     use bls::Signature;
[INFO] [stdout]     |
[INFO] [stdout] 219 |     use ed25519_dalek::Signature;
[INFO] [stdout]     |
[INFO] [stdout] 219 |     use k256::ecdsa::Signature;
[INFO] [stdout]     |
[INFO] [stdout] 219 |     use k256::ecdsa::recoverable::Signature;
[INFO] [stdout]     |
[INFO] [stdout]       and 3 other candidates
[INFO] [stdout] 
[INFO] [stdout] 
[INFO] [stdout] error[E0107]: this associated function takes 0 type arguments but 1 type argument was supplied
[INFO] [stdout]    --> /opt/rustwide/cargo-home/registry/src/github.com-1ecc6299db9ec823/ursa-0.3.6/src/signatures/secp256k1.rs:33:16
[INFO] [stdout]     |
[INFO] [stdout] 33  |         self.0.keypair::<sha2::Sha256>(option)
[INFO] [stdout]     |                ^^^^^^^---------------- help: remove these generics
[INFO] [stdout]     |                |
[INFO] [stdout]     |                expected 0 type arguments
[INFO] [stdout]     |
[INFO] [stdout] note: associated function defined here, with 0 type parameters
[INFO] [stdout]    --> /opt/rustwide/cargo-home/registry/src/github.com-1ecc6299db9ec823/ursa-0.3.6/src/signatures/secp256k1.rs:256:16
[INFO] [stdout]     |
[INFO] [stdout] 256 |         pub fn keypair(
[INFO] [stdout]     |                ^^^^^^^
[INFO] [stdout] 
[INFO] [stdout] 
[INFO] [stdout] error[E0107]: this associated function takes 0 type arguments but 1 type argument was supplied
[INFO] [stdout]    --> /opt/rustwide/cargo-home/registry/src/github.com-1ecc6299db9ec823/ursa-0.3.6/src/signatures/secp256k1.rs:36:16
[INFO] [stdout]     |
[INFO] [stdout] 36  |         self.0.sign::<sha2::Sha256>(message, sk)
[INFO] [stdout]     |                ^^^^---------------- help: remove these generics
[INFO] [stdout]     |                |
[INFO] [stdout]     |                expected 0 type arguments
[INFO] [stdout]     |
[INFO] [stdout] note: associated function defined here, with 0 type parameters
[INFO] [stdout]    --> /opt/rustwide/cargo-home/registry/src/github.com-1ecc6299db9ec823/ursa-0.3.6/src/signatures/secp256k1.rs:266:16
[INFO] [stdout]     |
[INFO] [stdout] 266 |         pub fn sign(&self, message: &[u8], sk: &PrivateKey) -> Result<Vec<u8>, CryptoError> {
[INFO] [stdout]     |                ^^^^
[INFO] [stdout] 
[INFO] [stdout] 
[INFO] [stdout] error[E0107]: this associated function takes 0 type arguments but 1 type argument was supplied
[INFO] [stdout]    --> /opt/rustwide/cargo-home/registry/src/github.com-1ecc6299db9ec823/ursa-0.3.6/src/signatures/secp256k1.rs:44:16
[INFO] [stdout]     |
[INFO] [stdout] 44  |         self.0.verify::<sha2::Sha256>(message, signature, pk)
[INFO] [stdout]     |                ^^^^^^---------------- help: remove these generics
[INFO] [stdout]     |                |
[INFO] [stdout]     |                expected 0 type arguments
[INFO] [stdout]     |
[INFO] [stdout] note: associated function defined here, with 0 type parameters
[INFO] [stdout]    --> /opt/rustwide/cargo-home/registry/src/github.com-1ecc6299db9ec823/ursa-0.3.6/src/signatures/secp256k1.rs:272:16
[INFO] [stdout]     |
[INFO] [stdout] 272 |         pub fn verify(
[INFO] [stdout]     |                ^^^^^^
[INFO] [stdout] 
[INFO] [stdout] 
[INFO] [stdout] error: aborting due to 15 previous errors
[INFO] [stdout] 
[INFO] [stdout] 
[INFO] [stdout] Some errors have detailed explanations: E0107, E0412, E0425, E0432, E0433.
[INFO] [stdout] 
[INFO] [stdout] For more information about an error, try `rustc --explain E0107`.
[INFO] [stdout] 
[INFO] [stderr] error: could not compile `ursa`
[INFO] [stderr] 
[INFO] [stderr] To learn more, run the command again with --verbose.
[INFO] running `Command { std: "docker" "inspect" "ad5f1c1cb8fbcd716df21b41bc125729cf14e0a528cf2bb4b68fbc4deff180db", kill_on_drop: false }`
[INFO] running `Command { std: "docker" "rm" "-f" "ad5f1c1cb8fbcd716df21b41bc125729cf14e0a528cf2bb4b68fbc4deff180db", kill_on_drop: false }`
[INFO] [stdout] ad5f1c1cb8fbcd716df21b41bc125729cf14e0a528cf2bb4b68fbc4deff180db
